 - -2 - 16) + (321 - 309).
-1
What is the value of (-2 + 2 - 10) + 28 + -8?
10
(56 - 55) + (2 - 3) + -16
-16
Evaluate 3 - (16 + 0 + -3 + -4).
-6
Calculate 0 + (0 - -6 - (19 - (22 + -12))).
-3
What is -39 - -27 - -14 - (-1 - 21)?
24
Evaluate 3 + 7 + -32 + 11.
-11
What is the value of (18 + 11 - 29) + 12?
12
Calculate 1 + -7 + 66 + -68 + -9.
-17
Calculate 8 + (44 - (15 - -46)).
-9
Evaluate 1 - (-3 + 9 + -9 + 3 - -6).
-5
Calculate 3 - 1 - (5 + (7 - (24 + -6))).
8
(1 - -8) + (-41 - -37)
5
What is 3 + (4 - -1) + (17 - 6)?
19
What is -420 - -443 - (1 - 21) - 5?
38
Calculate -19 + 46 + -17 + (1 - 10) + 1.
2
What is the value of 6 - (2 + (-11 - (-10 - -5)) - -15)?
-5
Evaluate 1 + 30 + -3 + -10.
18
What is the value of -4 + (10 - (5 - (8 - 3 - 6)))?
0
Calculate -21 - -28 - (1 - -7).
-1
Calculate 10 + (25 - 12) - (2 - (-2 - 6)).
13
Evaluate (-4 - (-8 - (5 + -12))) + 4.
1
-4 + -41 + 79 - 17
17
Calculate 4 + (-10 - -9) - (-3 + 1) - -6.
11
Calculate (-8 - -9 - -17) + (5 - -8).
31
Calculate -4 + -6 + 1 + -1 - 1.
-11
Evaluate 23 + (-75 - (-32 - -20)).
-40
What is the value of (28 - 32) + (-2 - -5) + 4 + -1?
2
Evaluate 19 + -6 - (-13 + 17).
9
Calculate (27 - (-5 + 26)) + -5.
1
Evaluate -16 - (13 - (-8 + (21 - 5))) - -2.
-19
What is the value of -236 + 262 + 1 + -15?
12
What is 2 + (-1 + 6 - -6) + -6?
7
What is the value of 658 + -644 - (23 - -1)?
-10
-9 - -2 - (-22 + 10 + 1 + 14)
-10
Calculate 37 + -102 + 27 + 0.
-38
What is the value of 24 + 12 - 32 - -23?
27
Evaluate -1 - -4 - (-1 - (-4 - (3 + -8))).
5
What is the value of 3 + -15 + (-8 - -17) - -2?
-1
Calculate -10 + 0 + (10 - 23) + 17.
-6
-29 + 39 + 15 - 31
-6
What is the value of 0 + -10 - ((-40 - -21) + -13)?
22
Calculate -5 + 15 - (-3 - (-6 - 1)).
6
Evaluate (-3 - (-43 + 21)) + 3.
22
Calculate (-6 - -3) + -9 + (5 - (-20 - 0)).
13
What is the value of 11 - (-16 - -11 - 3 - -36)?
-17
1154 + -1117 - (7 - 2)
32
Calculate (-2 + 3 - -13) + (-4 - -4).
14
Calculate -7 + -2 + -7 - (-16 + 6).
-6
What is 0 + -3 + (7 - 13)?
-9
Calculate -8 - ((6 - (8 + -4)) + 5).
-15
Calculate -1 - (6 - 22) - (3 + -4 - -7).
9
Calculate -9 - ((-16 - -1) + 18).
-12
Calculate (9 - 0) + -39 + (11 - -3).
-16
Calculate 0 + 10 + (-13 - (-12 - 0 - -9)).
0
Evaluate -12 - (3 + 7 + -14).
-8
What is the value of 1 + (1 - 10) + 1 + -143 + 158?
8
(-4 - ((1 - 2) + -4 - -7)) + 9
3
Evaluate 1 - (-4 - (-4 - -6) - 1 - 3).
11
Calculate (1 - -14) + (4 - 32) - -13.
0
(42 - -1) + 76 + -36 + -55
28
What is 21 + (-45 - (19 - 17))?
-26
What is the value of 22 + (-17 - -28 - 23)?
10
Calculate 1 + (4 - (14 + -4)) + 11 + -6.
0
What is the value of 36 + -6 + 1 + 1 + 6 + -5?
33
(104 - 82) + (2 - 5)
19
What is the value of 6 - (-14 + 11) - (38 - (5 - 0))?
-24
Calculate 176 + -158 - (2 + 14).
2
Evaluate 1 + (3 - -5) + -17.
-8
What is -21 - (-19 - 12) - -16?
26
What is -505 + 514 + -1 + 0?
8
Calculate -7 - (-12 + (-18 - -45)).
-22
Calculate (17 - (4 + -6 - -10)) + 8.
17
Calculate (-3 - (-6 - 0)) + (-43 - -21).
-19
Evaluate -5 + (16 - 5) - 6.
0
What is the value of (-101 - -117) + (-25 - 1)?
-10
0 - (14 + -5 + (4 - 6))
-7
5 - (15 - 6 - 17)
13
Evaluate -2 + ((0 - -4) + -1 - 7) + -11.
-17
Calculate (-42 - -29) + 1 + -3.
-15
Evaluate -4 + 5 + 13 - (-15 - (-7 + -10)).
12
Calculate (5 + -7 - (-3 + 4 + -3)) + 6.
6
Calculate -7 - ((-20 - -34) + -3).
-18
Evaluate (-6 - (-2 + (-8 - -6))) + 2 + -11.
-11
What is -1 + 19 + 389 + -417?
-10
Calculate (-36 - -52) + -1 + -3 + -5.
7
What is -4 - ((27 - 14) + -9 + (4 - -3))?
-15
-13 - ((-29 - -13) + 11 + -3)
-5
What is the value of 12 + (22 - 31 - 3)?
0
What is -20 + -9 - (-2 - 27)?
0
Evaluate -8 + (14 - 6) - 0.
0
What is the value of -3 - (1 + 0 + 8 + 1 + -4)?
-9
What is 0 - ((16 - 7) + 1)?
-10
Evaluate ((0 - -1) + 0 - 0) + -266 + 268.
3
What is the value of (15 - 12) + 2 + 0 + 3 + 0?
8
(0 - (-4 - (2 + 9)) - 10) + -19
-14
Evaluate (0 - -9) + -19 + 8 - -21.
19
(43 - (-15 + 39)) + (-3 - -1)
17
-9 + -25 + 28 + -5 + 1
-10
Evaluate 22 - (6 + 11 + 25).
-20
-4 - (-1 + 0 + -2) - 2
-3
What is the value of -2 + -5 - (23 + (-20 - 13))?
3
(2 - 7 - -13) + (24 - 25)
7
-9 + -2 - ((-18 - -5) + -27 + 7)
22
What is the value of 12 - 3 - ((-9 - (-14 - -13)) + -7)?
24
-4 - (6 - (-4 - (9 - 5 - 14)))
-4
Calculate 7 + -30 + -3 + (-6 + 8 - -2).
-22
What is 7 + (-4 - 21 - -13)?
-5
What is the value of 8 + (-43 + 10 - -10)?
-15
What is 2 - -1 - (6 + -5 - 5) - 6?
1
Evaluate (14 - -11) + -21 - (-6 - -2).
8
Calculate 3 + -11 + (18 - 2) - -1.
9
Calculate -2 + 4 + 6 + (2 - 16).
-6
Evaluate 101 - 112 - (-1 + 1 + -24).
13
Evaluate 8 - 21 - -34 - (0 - -8).
13
-22 + 34 + (1 - 9)
4
What is the value of -2 + -6 + -1 + 42 + -43 + 2?
-8
What is the value of -12 - (3 - 1) - -13?
-1
2 + -3 - (1 + 12 + (-13 - 3))
2
Calculate 1 + 5 + -6 - (-4 - 1).
5
What is (0 - -5) + -47 + (-5 - -86)?
39
What is (-8 - -1) + (30 - 15 - 11) + -8?
-11
What is the value of (-31 - -51) + (-2 - 9) + 7?
16
What is 0 + 12 - (207 + -188)?
-7
What is -22 + 14 + (6 - -4) + (-10 - -1)?
-7
Calculate -10 + -2 + 21 - 13.
-4
What is 11 + (2 - 7) - 1?
5
Calculate 6 + -2 - (0 + -7 + (13 - 12)).
10
(-15 - (-5 + 7)) + 18
1
Evaluate (-5 - (1 + -11 + (15 - 10))) + -1.
-1
What is -1 - (1 + (5 - (2 - (0 - -4))))?
-9
What is (6 - -1) + (224 - 239)?
-8
Evaluate -5 + (7 + -13 - (0 - -1)) + 6.
-6
Evaluate (2 - 0 - 2 - -2) + -4 + 3.
1
What is -5 + 19 + (-4 - -4)?
14
What is the value of 31 - (4 + -21 + 59)?
-11
Calculate -5 + (-13 - -25) - (-3 + 1) - 5.
4
Calculate (-94 - -79) + (-7 - -36).
14
Evaluate -10 + (1 - -9) + 1 + -2 - -9.
8
Calculate (10 + -9 - -6) + (-1 - -1 - -5).
12
7 - (7 + (-12 - -2) + (6 - 6))
10
39 - 40 - (-2 - -4 - 26)
23
Evaluate -2 + (-4 - -6 - (-3 - (5 + -5))).
3
What is the value of -7 - -3 - (-1 + -1 - -3)?
-5
14 + -45 + 26 + (-22 - 0)
-27
0 + 4 - -1 - ((3 - 2) + -6)
10
Evaluate -30 + 22 + 27 - 29.
-10
What is the value of 0 + (-4 + (7 - -4) - 8) + -6?
-7
Evaluate -4 + -3 - (11 + (0 - 12) + -7).
1
What is (-37 - -33) + 1 + 2 + -5 + 1?
-5
6 - (-17 + 9 + 5)
9
Calculate (-10 - -3 - -3) + -5 + 11.
2
Calculate (-6 - (-7 - 8)) + -5 - -8.
12
Evaluate (7 - 63) + 22 - (-2 - (3 + 2)).
-27
What is 19 - (44 + (-12 - 5))?
-8
Calculate (-1 - 12) + (-37 - (-35 + -32)).
17
Evaluate 10 + -4 + (-3 + 2 - 1) + -3.
1
6 + -2 + 16 + (-7 - 0)
13
Calculate 1 - (-8 + 1 + 11) - (-6 + -30).
33
Calculate -2 - (2 - 6 - (3 - (-14 - -19))).
0
What is the value of -47 - -53 - ((-2 - -9) + 0)?
-1
Calculate (-5 - -1 - -4) + -8 + (2 - -18).
12
Calculate 1 + (-36 + 50 - (-3 + 2 + -3)).
19
Calculate -6 + 4 + -2 - (-1 - -2 - 1).
-4
What is (1 - (-10 + -10)) + -10 - (-1 - 2)?
14
-16 + (-3 - (10 - 11) - -6)
-12
What is (16 - (0 - -6)) + (-3 - (7 - -6))?
-6
What is the value of 2 - (-4 + 0) - (290 - 270)?
-14
-7 + (23 + 22 + -52 - (-5 + 0))
-9
Calculate -9 + (30 - (4 + 7)).
10
What is -4 + (-7 - -1) + 17?
7
What is -1 + -3 + 7 + (20 - (62 - 19))?
-20
What is -5 + (2 - -3) - -1?
1
Calculate (-5 - -10) + 20 - (-3 + 11).
17
What is -45 + (27 - (15 - 8))?
-25
What is 9 + 0 + -6 + -7?
-4
What is the value of -11 + (-1 - -26) + (22 - 19)?
17
Evaluate 12 + (-4 - 15) - -5.
-2
(24 - 27 - -8) + 0 + 7
12
(33 - (2 + (-5 - -18))) + -17
1
Calculate -27 + (2 + 0 - (13 + -20)).
-18
Calculate (-9 - -24) + 1 + -1.
15
What is the value of (-2 - (2 + 1)) + 10 + (3 - 2)?
6
What is the value of (23 - 8) + -8 + -3 + -1 - 4?
-1
What is 2 + (3 + -5 - -20 - (-163 - -169))?
14
Evaluate 13 - 25 - (0 + -1 + -1) - -21.
11
What is the value of 13 + -49 - (-27 - -8)?
-17
What is the value of -2 - ((-118 - -111) + 1 + -1)?
5
What is -8 + 29 + (-16 - -4)?
9
(1 - -11) + -14 + -18 + -10
-30
1 + -10 + 27 + -14 + 1 + 6
11
What is 12 - (23 - (18 + -2))?
5
Calculate -13 - (-3 - (12 - 6 - (10 + -4))).
-10
What is -2 + -4 - (40 + -46 + 18)?
-18
Evaluate -15 - 0 - (0 - 6).
-9
What is -88 + 103 - (2 + 10)?
3
-59 + 24 + 23 + 1 + (-1 - -3)
-9
What is the value of 27 + -9 + (2 - 6)?
14
(9 - (6 - -7)) + 13 + 12
21
What is (-4 - 11) + 19 + (0 - -7)?
11
What is the value of -4 + 0 + 0 + (5 - -3 - 2)?
2
What is the value of -5 + 4 + 5 + -3 + (-27 - 7)?
-33
Evaluate -7 + (-3 - -2 - 1) + 13 + -12.
-8
Calculate -5 + 23 - (-5 - (-2 - 9)).
12
What is the value of 5 - -10 - 12 - 6 - 23?
-26
What is 10 + 1 + 0 + (2 - -11)?
24
(4 - (-1 - -6)) + -9 + 14
4
Evaluate (8 - 3) + 6 + (-52 - -52)